or of 3588 and 492?
12
What is the greatest common divisor of 3580 and 20180?
20
Calculate the highest common factor of 3696 and 6153.
21
Calculate the greatest common divisor of 16182 and 96.
6
What is the highest common divisor of 429282 and 21?
21
Calculate the highest common factor of 663388 and 44.
44
Calculate the highest common divisor of 17 and 162112.
17
Calculate the highest common divisor of 3594570 and 28.
14
What is the greatest common factor of 26 and 256?
2
What is the greatest common divisor of 33807 and 4584?
573
Calculate the greatest common factor of 2650 and 11075675.
1325
What is the highest common factor of 88 and 1369841?
11
What is the greatest common divisor of 2555 and 190165?
365
Calculate the highest common divisor of 235 and 792185.
235
What is the highest common factor of 1593 and 13865?
59
Calculate the highest common divisor of 389966 and 438.
146
Calculate the highest common factor of 26 and 8533967.
13
Calculate the greatest common divisor of 9000 and 1224.
72
Calculate the highest common divisor of 733 and 3882701.
733
Calculate the greatest common factor of 1443 and 31668.
39
Calculate the greatest common factor of 583 and 8003.
53
Calculate the greatest common factor of 125 and 170900.
25
Calculate the highest common factor of 450 and 7350.
150
Calculate the greatest common divisor of 3069888 and 96.
96
What is the highest common factor of 46 and 18929?
23
Calculate the highest common factor of 114 and 188252.
38
Calculate the highest common divisor of 6965 and 280.
35
Calculate the greatest common divisor of 8084 and 6956.
188
What is the greatest common factor of 371 and 358333?
53
Calculate the highest common divisor of 4374 and 1424466.
1458
Calculate the highest common divisor of 4029 and 136.
17
Calculate the highest common divisor of 1180472 and 779.
41
What is the greatest common divisor of 203908 and 76?
76
Calculate the greatest common factor of 131292 and 2484.
36
What is the highest common divisor of 3349 and 4964?
17
What is the greatest common divisor of 4302 and 474?
6
Calculate the highest common divisor of 885 and 28065.
15
Calculate the greatest common divisor of 92 and 11178.
46
What is the greatest common factor of 6250 and 35?
5
What is the highest common divisor of 104 and 20352?
8
What is the greatest common divisor of 23954 and 9794?
118
Calculate the greatest common divisor of 226457 and 595.
119
Calculate the highest common divisor of 10416 and 16464.
336
Calculate the highest common divisor of 2393530 and 222.
74
Calculate the highest common divisor of 2415192 and 1560.
312
Calculate the highest common factor of 1223796 and 1020.
204
Calculate the highest common divisor of 17458 and 2842.
406
What is the greatest common divisor of 67744 and 40?
8
What is the greatest common divisor of 210 and 5691?
21
What is the greatest common factor of 3819 and 4161?
57
What is the greatest common factor of 276 and 12271972?
92
Calculate the greatest common factor of 3876 and 35292.
204
Calculate the highest common divisor of 95104 and 96.
32
What is the greatest common factor of 7521 and 1417?
109
Calculate the highest common divisor of 5913 and 45.
9
What is the greatest common divisor of 1255 and 695?
5
What is the highest common factor of 732 and 696?
12
What is the greatest common divisor of 978194 and 11754?
1306
What is the greatest common divisor of 57585 and 33?
33
What is the highest common factor of 73724 and 476?
28
What is the highest common factor of 1788 and 96?
12
Calculate the greatest common divisor of 13 and 191581.
13
Calculate the highest common factor of 606551 and 33.
11
Calculate the greatest common divisor of 180 and 307020.
60
What is the highest common factor of 97166 and 304?
38
What is the greatest common divisor of 268 and 5427?
67
Calculate the highest common factor of 3204 and 327.
3
Calculate the highest common factor of 10754314 and 262.
262
Calculate the greatest common factor of 3454 and 10048.
314
What is the greatest common factor of 991 and 19?
1
What is the highest common factor of 497591 and 38?
19
What is the highest common divisor of 2065 and 39825?
295
Calculate the highest common factor of 995 and 32039.
199
Calculate the highest common divisor of 768 and 3126.
6
What is the highest common factor of 772 and 171577?
193
What is the greatest common factor of 45 and 2805420?
15
Calculate the highest common divisor of 11775 and 211479.
471
What is the greatest common divisor of 40 and 1124300?
20
What is the greatest common factor of 25969 and 1?
1
What is the highest common divisor of 14 and 1018?
2
What is the highest common divisor of 18916 and 16?
4
Calculate the greatest common divisor of 3456 and 3744.
288
Calculate the greatest common factor of 1875 and 3000.
375
What is the highest common divisor of 238 and 153391?
119
What is the highest common divisor of 129637 and 76?
19
What is the greatest common divisor of 813757 and 56?
7
What is the highest common factor of 255481 and 1707?
569
Calculate the highest common factor of 104 and 22165.
13
Calculate the greatest common factor of 18 and 22238046.
18
What is the highest common divisor of 4922 and 1978?
46
Calculate the highest common factor of 107861 and 39.
13
Calculate the greatest common divisor of 20487 and 9.
3
Calculate the greatest common divisor of 2023467 and 201.
201
Calculate the greatest common divisor of 12951 and 81.
9
Calculate the greatest common factor of 33 and 25971.
33
Calculate the highest common divisor of 1431 and 3021.
159
Calculate the highest common divisor of 299 and 2852.
23
Calculate the highest common factor of 59 and 447869.
59
What is the greatest common divisor of 69598 and 356?
178
Calculate the greatest common divisor of 17816 and 816.
136
What is the greatest common factor of 3158 and 888977?
1579
What is the highest common factor of 138 and 10488?
138
Calculate the greatest common factor of 174 and 661461.
87
Calculate the highest common divisor of 126 and 444654.
126
Calculate the greatest common divisor of 3302 and 64516.
254
Calculate the highest common divisor of 34 and 514930.
34
Calculate the highest common factor of 780925 and 200.
25
Calculate the highest common factor of 4628 and 1404.
52
What is the greatest common divisor of 272367 and 9?
9
What is the greatest common factor of 171 and 61983?
9
Calculate the greatest common factor of 305386 and 134.
134
What is the highest common factor of 92 and 391276?
92
Calculate the greatest common factor of 3248 and 716996.
812
Calculate the highest common divisor of 4592 and 17794.
574
Calculate the greatest common divisor of 2520 and 6230.
70
What is the highest common factor of 26 and 1877551?
13
Calculate the highest common divisor of 81616 and 10.
2
Calculate the greatest common factor of 31656 and 16.
8
What is the greatest common divisor of 12644 and 6431?
109
What is the highest common divisor of 936 and 1773?
9
What is the highest common factor of 6667 and 1711?
59
What is the highest common divisor of 45 and 99555?
15
Calculate the highest common divisor of 1060 and 1300.
20
Calculate the highest common divisor of 15326 and 1067.
97
What is the highest common divisor of 6984 and 261512?
776
Calculate the highest common factor of 56886 and 4.
2
Calculate the highest common factor of 126 and 59262.
42
What is the highest common factor of 5038 and 22?
22
Calculate the greatest common divisor of 9308 and 468.
52
Calculate the highest common divisor of 14406 and 4992.
6
What is the greatest common divisor of 897 and 178204?
299
What is the highest common divisor of 56 and 1009?
1
Calculate the highest common factor of 1146 and 50042.
382
Calculate the greatest common factor of 1340 and 419956.
268
Calculate the highest common divisor of 12512 and 1360.
272
What is the highest common factor of 25 and 314085?
5
Calculate the greatest common divisor of 52728 and 72.
24
Calculate the highest common divisor of 304284 and 24.
12
Calculate the highest common factor of 612 and 1853.
17
Calculate the greatest common factor of 121 and 343277.
121
What is the highest common factor of 10 and 122195?
5
What is the greatest common factor of 496 and 226672?
496
Calculate the greatest common factor of 7469 and 81235